03 is divided by 6811?
4
Calculate the remainder when 88632 is divided by 394.
376
What is the remainder when 2711 is divided by 1321?
69
Calculate the remainder when 549181 is divided by 53.
48
What is the remainder when 104613 is divided by 11?
3
What is the remainder when 4707 is divided by 2298?
111
What is the remainder when 1313777 is divided by 260?
257
Calculate the remainder when 303773 is divided by 126.
113
What is the remainder when 1445 is divided by 639?
167
What is the remainder when 29524 is divided by 1566?
1336
What is the remainder when 1220 is divided by 311?
287
What is the remainder when 59752 is divided by 120?
112
What is the remainder when 38063 is divided by 552?
527
What is the remainder when 15795 is divided by 1721?
306
What is the remainder when 509870 is divided by 2405?
10
What is the remainder when 6425 is divided by 121?
12
What is the remainder when 5058 is divided by 351?
144
Calculate the remainder when 45344 is divided by 4120.
24
Calculate the remainder when 9355 is divided by 547.
56
Calculate the remainder when 16328 is divided by 135.
128
Calculate the remainder when 51215 is divided by 391.
385
Calculate the remainder when 611862 is divided by 611861.
1
What is the remainder when 87273 is divided by 22?
21
Calculate the remainder when 28051 is divided by 56.
51
Calculate the remainder when 99805 is divided by 135.
40
What is the remainder when 12889 is divided by 496?
489
What is the remainder when 182673 is divided by 78?
75
Calculate the remainder when 1945219 is divided by 21.
10
What is the remainder when 457517 is divided by 14?
11
Calculate the remainder when 9681 is divided by 767.
477
What is the remainder when 11917 is divided by 3836?
409
Calculate the remainder when 84068 is divided by 83936.
132
Calculate the remainder when 51165 is divided by 16.
13
What is the remainder when 162939 is divided by 536?
531
Calculate the remainder when 8799 is divided by 38.
21
Calculate the remainder when 35073 is divided by 17510.
53
Calculate the remainder when 62083 is divided by 159.
73
Calculate the remainder when 458775 is divided by 11.
9
What is the remainder when 36355 is divided by 18004?
347
Calculate the remainder when 1278 is divided by 569.
140
Calculate the remainder when 769 is divided by 76.
9
What is the remainder when 36909 is divided by 37?
20
Calculate the remainder when 3154 is divided by 11.
8
What is the remainder when 247 is divided by 24?
7
What is the remainder when 77244 is divided by 11?
2
What is the remainder when 21780 is divided by 2177?
10
What is the remainder when 21739 is divided by 17?
13
What is the remainder when 2187657 is divided by 228?
225
What is the remainder when 322 is divided by 84?
70
What is the remainder when 2587 is divided by 10?
7
What is the remainder when 13035 is divided by 86?
49
What is the remainder when 197032 is divided by 27?
13
Calculate the remainder when 1079 is divided by 357.
8
What is the remainder when 12469 is divided by 882?
121
Calculate the remainder when 3151 is divided by 65.
31
Calculate the remainder when 9632 is divided by 129.
86
Calculate the remainder when 6983 is divided by 1364.
163
Calculate the remainder when 3213835 is divided by 1071278.
1
What is the remainder when 5691 is divided by 2843?
5
Calculate the remainder when 63686 is divided by 3537.
20
What is the remainder when 5746 is divided by 60?
46
What is the remainder when 14626 is divided by 195?
1
What is the remainder when 7408 is divided by 616?
16
What is the remainder when 74096 is divided by 14818?
6
Calculate the remainder when 11497 is divided by 92.
89
Calculate the remainder when 12679275 is divided by 678.
675
Calculate the remainder when 12904 is divided by 416.
8
Calculate the remainder when 156815 is divided by 36.
35
Calculate the remainder when 9441 is divided by 178.
7
What is the remainder when 89581 is divided by 8143?
8
Calculate the remainder when 376798 is divided by 63.
58
What is the remainder when 18741 is divided by 27?
3
Calculate the remainder when 10431 is divided by 986.
571
Calculate the remainder when 27409 is divided by 62.
5
Calculate the remainder when 175231 is divided by 82.
79
Calculate the remainder when 3380 is divided by 104.
52
What is the remainder when 115988 is divided by 674?
60
Calculate the remainder when 300740 is divided by 8.
4
Calculate the remainder when 79867 is divided by 490.
487
What is the remainder when 164311 is divided by 135?
16
What is the remainder when 35173 is divided by 1676?
1653
Calculate the remainder when 7548 is divided by 4.
0
Calculate the remainder when 30367 is divided by 46.
7
Calculate the remainder when 25919 is divided by 1364.
3
Calculate the remainder when 21291 is divided by 66.
39
What is the remainder when 15909 is divided by 102?
99
Calculate the remainder when 45897 is divided by 62.
17
What is the remainder when 23792 is divided by 11885?
22
What is the remainder when 29584 is divided by 52?
48
What is the remainder when 1256 is divided by 448?
360
Calculate the remainder when 1708 is divided by 274.
64
What is the remainder when 17098 is divided by 92?
78
Calculate the remainder when 19747 is divided by 12.
7
Calculate the remainder when 2456 is divided by 2449.
7
Calculate the remainder when 3270 is divided by 866.
672
Calculate the remainder when 670 is divided by 652.
18
What is the remainder when 29268 is divided by 25?
18
What is the remainder when 96389 is divided by 305?
9
Calculate the remainder when 634 is divided by 279.
76
What is the remainder when 30562 is divided by 10186?
4
Calculate the remainder when 47907 is divided by 15948.
63
Calculate the remainder when 1513290 is divided by 427.
2
What is the remainder when 2777 is divided by 322?
201
Calculate the remainder when 2242 is divided by 735.
37
Calculate the remainder when 1812 is divided by 646.
520
Calculate the remainder when 56700 is divided by 461.
458
What is the remainder when 24107 is divided by 12050?
7
What is the remainder when 296015 is divided by 12?
11
Calculate the remainder when 12761 is divided by 44.
1
What is the remainder when 206235 is divided by 54?
9
Calculate the remainder when 2188 is divided by 146.
144
Calculate the remainder when 196327 is divided by 35.
12
What is the remainder when 126483 is divided by 307?
306
What is the remainder when 7010 is divided by 985?
115
What is the remainder when 2884 is divided by 153?
130
What is the remainder when 552853 is divided by 58?
55
Calculate the remainder when 4145 is divided by 39.
11
What is the remainder when 663504 is divided by 10?
4
Calculate the remainder when 17865 is divided by 760.
385
Calculate the remainder when 4033 is divided by 805.
8
Calculate the remainder when 35614 is divided by 17801.
12
What is the remainder when 641226 is divided by 328?
314
Calculate the remainder when 42717 is divided by 562.
5
What is the remainder when 17777 is divided by 1055?
897
What is the remainder when 87312 is divided by 42?
36
Calculate the remainder when 184742 is divided by 39.
38
Calculate the remainder when 909 is divided by 215.
49
Calculate the remainder when 11953 is divided by 47.
15
Calculate the remainder when 2668 is divided by 119.
50
What is the remainder when 30034 is divided by 41?
22
What is the remainder when 6987 is divided by 143?
123
Calculate the remainder when 146134 is divided by 458.
32
What is the remainder when 3936 is divided by 1351?
1234
What is the remainder when 1194 is divided by 143?
50
What is the remainder when 4906 is divided by 33?
22
Calculate the remainder when 23436 is divided by 30.
6
Calculate the remainder when 2414 is divided by 477.
29
Calculate the remainder when 33825 is divided by 189.
183
What is the remainder when 16895 is divided by 225?
20
What is the remainder when 37884 is divided by 32?
28
What is the remainder when 103795 is divided by 150?
145
Calculate the remainder when 25007 is divided by 443.
199
What is the remainder when 39767 is divided by 85?
72
Calculate the remainder when 4031 is divided by 443.
44
Calculate the remainder when 8277 is divided by 1164.
129
Calculate the remainder when 630 is divided by 613.
17
Calculate the remainder when 303830 is divided by 13.
7
Wh